{"id":62,"date":"2008-11-04T21:15:36","date_gmt":"2008-11-04T21:15:36","guid":{"rendered":"http:\/\/imediata.org\/?page_id=62"},"modified":"2013-12-10T10:04:01","modified_gmt":"2013-12-10T10:04:01","slug":"italia-nas-ruas-contra-reforma-educacional-fascista","status":"publish","type":"page","link":"https:\/\/imediata.org\/?page_id=62","title":{"rendered":"Italia contra reforma"},"content":{"rendered":"<p>IT\u00c1LIA NAS RUAS CONTRA REFORMA EDUCACIONAL <\/p>\n<p><script src=\"http:\/\/static.mogulus.com\/scripts\/playerv2.js?channel=stopgelmini&#038;layout=playerEmbedTall&#038;backgroundColor=0xffffff&#038;backgroundAlpha=1&#038;backgroundGradientStrength=0&#038;chromeColor=0x000000&#038;headerBarGlossEnabled=true&#038;controlBarGlossEnabled=true&#038;chatInputGlossEnabled=true&#038;uiWhite=true&#038;uiAlpha=0.5&#038;uiSelectedAlpha=1&#038;dropShadowEnabled=true&#038;dropShadowHorizontalDistance=10&#038;dropShadowVerticalDistance=10&#038;paddingLeft=10&#038;paddingRight=10&#038;paddingTop=0&#038;paddingBottom=10&#038;cornerRadius=10&#038;backToDirectoryURL=null&#038;bannerURL=null&#038;bannerText=true&#038;bannerWidth=320&#038;bannerHeight=50&#038;showViewers=true&#038;embedEnabled=true&#038;chatEnabled=true&#038;onDemandEnabled=true&#038;programGuideEnabled=false&#038;fullScreenEnabled=true&#038;reportAbuseEnabled=false&#038;gridEnabled=false&#038;initialIsOn=true&#038;initialIsMute=false&#038;initialVolume=10&#038;contentId=null&#038;initThumbUrl=null&#038;playeraspectwidth=4&#038;playeraspectheight=3&#038;width=400&#038;height=400&#038;wmode=window\" type=\"text\/javascript\"><\/script><br \/>\n<strong>Para ver outros v\u00eddeos clicar em &#8220;on-demand&#8221; acima<\/strong><\/p>\n<p><strong>PARA ACOMPANHAR A MOBILIZA\u00c7\u00c3O:<\/strong><br \/>\n<a href=\"http:\/\/www.uniriot.org\/index.php\" target=\"_blank\">UNIRIOT<\/a><br \/>\n<a href=\"http:\/\/www.stopgelmini.org\/\" target=\"_blank\">STOPGELMINI<\/a><br \/>\n<a href=\"http:\/\/italy.indymedia.org\/\" arget=\"_blank\">INDYMEDIA ITALIA<\/a><br \/>\n<a href=\"http:\/\/temi.repubblica.it\/micromega-online\/\" target=\"_blank\">MICROMEGA<\/a><br \/>\n<a href=\"http:\/\/www.militant-blog.org\/\" target=\"_blank\">MILITANT<\/a><br \/>\n<a href=\"http:\/\/www.byoblu.com\/\" target=\"_blank\">BYOBLU<\/a><br \/>\n<a href=\"http:\/\/ombra.noblogs.org\/post\/2008\/10\/30\/a-piazza-navona-va-di-scena-un-set-collaudato\" target=\"_blank\">OMBRA<\/a><br \/>\n<a href=\"http:\/\/netmonitor.blogautore.repubblica.it\/2008\/10\/21\/petizioni-blog-e-forum-contro-la-legge-133\/\" target=\"_blank\">OUTRAS FONTES<\/a><\/p>\n<p><strong>IMAGENS:<\/strong><br \/>\n<a href=\"http:\/\/www.flickr.com\/groups\/931520@N23\/pool\/\">http:\/\/www.flickr.com\/groups\/931520@N23\/pool\/<\/a><\/p>\n<p><strong>A LEI 133\/08:<\/strong><br \/>\n<a href=\"http:\/\/temi.repubblica.it\/UserFiles\/micromega-online\/File\/dossier-1331.pdf\" target=\"_blank\">http:\/\/temi.repubblica.it\/UserFiles\/micromega-online\/File\/dossier-1331.pdf<\/a><\/p>\n<p><img decoding=\"async\" src=\"http:\/\/imediata.org\/imagens\/dossieitalia\/pisa1.jpg\" alt=\"null\" \/><\/p>\n<p><img decoding=\"async\" src=\"http:\/\/imediata.org\/imagens\/dossieitalia\/pisa2.jpg\" alt=\"null\" \/><\/p>\n<p><img decoding=\"async\" src=\"http:\/\/imediata.org\/imagens\/dossieitalia\/rua.jpg\" alt=\"null\" \/><\/p>\n<p>Milhares de estudantes e professores foram \u00e0s ruas de v\u00e1rias cidades italianas para protestar contra a aprova\u00e7\u00e3o no Senado (em 29 de outubro) da reforma educacional proposta pelo governo do primeiro-ministro Silvio Berlusconi. A principal manifesta\u00e7\u00e3o aconteceu em Roma, com cerca de 1 milh\u00e3o de manifestantes nas ruas.<\/p>\n<p>H\u00e1 dias que vem acontecendo em toda It\u00e1lia protestos (manifesta\u00e7\u00f5es de rua com at\u00e9 200 mil pessoas, greves, ocupa\u00e7\u00e3o tempor\u00e1ria de salas de aula e tamb\u00e9m de instala\u00e7\u00f5es p\u00fablicas, como esta\u00e7\u00f5es de trem). Muitas escolas fizeram aulas nas ruas ou em locais emblem\u00e1ticos, como o Coliseu.<\/p>\n<p>A indigna\u00e7\u00e3o dos estudantes \u00e9 contra a aprova\u00e7\u00e3o no Senado da reforma educacional. A reforma foi proposta pela ministra da Educa\u00e7\u00e3o da It\u00e1lia, Mariastella Gelmini e j\u00e1 havia sido amplamente rejeitada por estudantes e professores. A oposi\u00e7\u00e3o e os estudantes exigiam a retirada do texto, que estabelece a introdu\u00e7\u00e3o de uma nota de conduta como requisito para aprova\u00e7\u00e3o nas disciplinas.<\/p>\n<p>A medida tamb\u00e9m prev\u00ea o fechamento de 86 mil postos de trabalho, de professores e funcion\u00e1rios, nos pr\u00f3ximos tr\u00eas anos. No ensino prim\u00e1rio, haver\u00e1 apenas um professor para todas as disciplinas, exceto inform\u00e1tica, ingl\u00eas e religi\u00e3o.Outros motivos para a falta de acordo com os estudantes e com os pais dos alunos \u00e9 o fechamento de muitas escolas que est\u00e3o em lugares isolados, o aumento de estudantes por turma e a redu\u00e7\u00e3o da carga hor\u00e1ria letiva (das 40 horas semanais para 24). O plano prev\u00ea tamb\u00e9m um corte de 8 bilh\u00f5es de euros (R$ 23 bilh\u00f5es) dos gastos do governo no ensino superior.<\/p>\n<p><img decoding=\"async\" src=\"http:\/\/imediata.org\/imagens\/dossieitalia\/unita.jpg\" alt=\"null\" \/><\/p>\n<p><strong>Roma Scontri in Piazza Navona [29 ottobre 2008]<\/strong><br \/>\n<object width=\"425\" height=\"344\"><param name=\"movie\" value=\"http:\/\/www.youtube.com\/v\/naPACZItryE&#038;hl=en&#038;fs=1\"><\/param><param name=\"allowFullScreen\" value=\"true\"><\/param><param name=\"allowscriptaccess\" value=\"always\"><\/param><embed src=\"http:\/\/www.youtube.com\/v\/naPACZItryE&#038;hl=en&#038;fs=1\" type=\"application\/x-shockwave-flash\" allowscriptaccess=\"always\" allowfullscreen=\"true\" width=\"425\" height=\"344\"><\/embed><\/object><\/p>\n<p><object width=\"425\" height=\"344\"><param name=\"movie\" value=\"http:\/\/www.youtube.com\/v\/ZqVr1l9fOdA&#038;hl=en&#038;fs=1\"><\/param><param name=\"allowFullScreen\" value=\"true\"><\/param><param name=\"allowscriptaccess\" value=\"always\"><\/param><embed src=\"http:\/\/www.youtube.com\/v\/ZqVr1l9fOdA&#038;hl=en&#038;fs=1\" type=\"application\/x-shockwave-flash\" allowscriptaccess=\"always\" allowfullscreen=\"true\" width=\"425\" height=\"344\"><\/embed><\/object><\/p>\n<p><object width=\"425\" height=\"344\"><param name=\"movie\" value=\"http:\/\/www.youtube.com\/v\/NYfdPdV66f0&#038;hl=en&#038;fs=1\"><\/param><param name=\"allowFullScreen\" value=\"true\"><\/param><param name=\"allowscriptaccess\" value=\"always\"><\/param><embed src=\"http:\/\/www.youtube.com\/v\/NYfdPdV66f0&#038;hl=en&#038;fs=1\" type=\"application\/x-shockwave-flash\" allowscriptaccess=\"always\" allowfullscreen=\"true\" width=\"425\" height=\"344\"><\/embed><\/object><\/p>\n<p><strong>PARA ENTENDER O QUE FOI O FASCISMO:<\/strong><br \/>\nVeja aqui o <a href=\"http:\/\/temi.repubblica.it\/micromega-online\/fascist-legacy-uneredita-scomoda\/\" target=\"_blank\">document\u00e1rio &#8220;Fascist legacy&#8221;, produzido pela BBC <\/a>, que nunca foi transmitido pela RAI.<\/p>\n<p><strong>VERTENTES DE EXTREMA DIREITA ENVOLVIDAS NOS ATOS DE VIOL\u00caNCIA:<\/strong><br \/>\n<a href=\"http:\/\/www.bloccostudentesco.org\/\" target=\"_blank\">BLOCCOSTUDENTESCO<\/a><br \/>\n<a href=\"http:\/\/www.casapound.org\/\" target=\"_blank\">CASA POUND <\/a><\/p>\n<p><strong>OUTRAS FOR\u00c7AS DE EXTREMA DIREITA NA IT\u00c1LIA:<\/strong><br \/>\n<a href=\"http:\/\/www.forzanuova.org\/\" target=\"_blank\">FORZA NUOVA\/LOTA STUDENTESCA<\/a><br \/>\n<a href=\"http:\/\/www.fiammatricolore.net\/fiamma\/\" target=\"_blank\">FIAMMA TRICOLORE<\/a><\/p>\n<p><object width=\"425\" height=\"344\"><param name=\"movie\" value=\"http:\/\/www.youtube.com\/v\/E3mEujwkioA&#038;hl=en&#038;fs=1\"><\/param><param name=\"allowFullScreen\" value=\"true\"><\/param><param name=\"allowscriptaccess\" value=\"always\"><\/param><embed src=\"http:\/\/www.youtube.com\/v\/E3mEujwkioA&#038;hl=en&#038;fs=1\" type=\"application\/x-shockwave-flash\" allowscriptaccess=\"always\" allowfullscreen=\"true\" width=\"425\" height=\"344\"><\/embed><\/object><\/p>\n<p><object width=\"425\" height=\"344\"><param name=\"movie\" value=\"http:\/\/www.youtube.com\/v\/QKwpqxI3d-8&#038;hl=en&#038;fs=1\"><\/param><param name=\"allowFullScreen\" value=\"true\"><\/param><param name=\"allowscriptaccess\" value=\"always\"><\/param><embed src=\"http:\/\/www.youtube.com\/v\/QKwpqxI3d-8&#038;hl=en&#038;fs=1\" type=\"application\/x-shockwave-flash\" allowscriptaccess=\"always\" allowfullscreen=\"true\" width=\"425\" height=\"344\"><\/embed><\/object><\/p>\n<p><object width=\"425\" height=\"344\"><param name=\"movie\" value=\"http:\/\/www.youtube.com\/v\/Ug4_0Jpa0gs&#038;hl=en&#038;fs=1\"><\/param><param name=\"allowFullScreen\" value=\"true\"><\/param><param name=\"allowscriptaccess\" value=\"always\"><\/param><embed src=\"http:\/\/www.youtube.com\/v\/Ug4_0Jpa0gs&#038;hl=en&#038;fs=1\" type=\"application\/x-shockwave-flash\" allowscriptaccess=\"always\" allowfullscreen=\"true\" width=\"425\" height=\"344\"><\/embed><\/object><\/p>\n<p><strong>CONTEXTO:<\/strong><\/p>\n<p><a href=\"http:\/\/www.libcom.org\/news\/the-permanent-crisis-education-on-some-recent-struggles-greece-28102008\" target=\"_blank\">The Permanent Crisis in Education: On Some Recent Struggles in Greece &#8211; TPTG<\/a><\/p>\n","protected":false},"excerpt":{"rendered":"<p>IT\u00c1LIA NAS RUAS CONTRA REFORMA EDUCACIONAL Para ver outros v\u00eddeos clicar em &#8220;on-demand&#8221; acima PARA ACOMPANHAR A MOBILIZA\u00c7\u00c3O: UNIRIOT STOPGELMINI INDYMEDIA ITALIA MICROMEGA MILITANT BYOBLU OMBRA OUTRAS FONTES IMAGENS: http:\/\/www.flickr.com\/groups\/931520@N23\/pool\/ A LEI 133\/08: http:\/\/temi.repubblica.it\/UserFiles\/micromega-online\/File\/dossier-1331.pdf Milhares de estudantes e professores foram \u00e0s ruas de v\u00e1rias cidades italianas para protestar contra a aprova\u00e7\u00e3o no Senado (em 29 [&hellip;]<\/p>\n","protected":false},"author":1,"featured_media":0,"parent":0,"menu_order":0,"comment_status":"open","ping_status":"open","template":"","meta":{"footnotes":""},"class_list":["post-62","page","type-page","status-publish","hentry"],"_links":{"self":[{"href":"https:\/\/imediata.org\/index.php?rest_route=\/wp\/v2\/pages\/62","targetHints":{"allow":["GET"]}}],"collection":[{"href":"https:\/\/imediata.org\/index.php?rest_route=\/wp\/v2\/pages"}],"about":[{"href":"https:\/\/imediata.org\/index.php?rest_route=\/wp\/v2\/types\/page"}],"author":[{"embeddable":true,"href":"https:\/\/imediata.org\/index.php?rest_route=\/wp\/v2\/users\/1"}],"replies":[{"embeddable":true,"href":"https:\/\/imediata.org\/index.php?rest_route=%2Fwp%2Fv2%2Fcomments&post=62"}],"version-history":[{"count":4,"href":"https:\/\/imediata.org\/index.php?rest_route=\/wp\/v2\/pages\/62\/revisions"}],"predecessor-version":[{"id":4330,"href":"https:\/\/imediata.org\/index.php?rest_route=\/wp\/v2\/pages\/62\/revisions\/4330"}],"wp:attachment":[{"href":"https:\/\/imediata.org\/index.php?rest_route=%2Fwp%2Fv2%2Fmedia&parent=62"}],"curies":[{"name":"wp","href":"https:\/\/api.w.org\/{rel}","templated":true}]}}

<p>ITÁLIA NAS RUAS CONTRA REFORMA EDUCACIONAL </p>
<p><script src="http://static.mogulus.com/scripts/playerv2.js?channel=stopgelmini&#038;layout=playerEmbedTall&#038;backgroundColor=0xffffff&#038;backgroundAlpha=1&#038;backgroundGradientStrength=0&#038;chromeColor=0x000000&#038;headerBarGlossEnabled=true&#038;controlBarGlossEnabled=true&#038;chatInputGlossEnabled=true&#038;uiWhite=true&#038;uiAlpha=0.5&#038;uiSelectedAlpha=1&#038;dropShadowEnabled=true&#038;dropShadowHorizontalDistance=10&#038;dropShadowVerticalDistance=10&#038;paddingLeft=10&#038;paddingRight=10&#038;paddingTop=0&#038;paddingBottom=10&#038;cornerRadius=10&#038;backToDirectoryURL=null&#038;bannerURL=null&#038;bannerText=true&#038;bannerWidth=320&#038;bannerHeight=50&#038;showViewers=true&#038;embedEnabled=true&#038;chatEnabled=true&#038;onDemandEnabled=true&#038;programGuideEnabled=false&#038;fullScreenEnabled=true&#038;reportAbuseEnabled=false&#038;gridEnabled=false&#038;initialIsOn=true&#038;initialIsMute=false&#038;initialVolume=10&#038;contentId=null&#038;initThumbUrl=null&#038;playeraspectwidth=4&#038;playeraspectheight=3&#038;width=400&#038;height=400&#038;wmode=window" type="text/javascript"></script><br />
<strong>Para ver outros vídeos clicar em &#8220;on-demand&#8221; acima</strong></p>
<p><strong>PARA ACOMPANHAR A MOBILIZAÇÃO:</strong><br />
<a href="http://www.uniriot.org/index.php" target="_blank">UNIRIOT</a><br />
<a href="http://www.stopgelmini.org/" target="_blank">STOPGELMINI</a><br />
<a href="http://italy.indymedia.org/" arget="_blank">INDYMEDIA ITALIA</a><br />
<a href="http://temi.repubblica.it/micromega-online/" target="_blank">MICROMEGA</a><br />
<a href="http://www.militant-blog.org/" target="_blank">MILITANT</a><br />
<a href="http://www.byoblu.com/" target="_blank">BYOBLU</a><br />
<a href="http://ombra.noblogs.org/post/2008/10/30/a-piazza-navona-va-di-scena-un-set-collaudato" target="_blank">OMBRA</a><br />
<a href="http://netmonitor.blogautore.repubblica.it/2008/10/21/petizioni-blog-e-forum-contro-la-legge-133/" target="_blank">OUTRAS FONTES</a></p>
<p><strong>IMAGENS:</strong><br />
<a href="http://www.flickr.com/groups/931520@N23/pool/">http://www.flickr.com/groups/931520@N23/pool/</a></p>
<p><strong>A LEI 133/08:</strong><br />
<a href="http://temi.repubblica.it/UserFiles/micromega-online/File/dossier-1331.pdf" target="_blank">http://temi.repubblica.it/UserFiles/micromega-online/File/dossier-1331.pdf</a></p>
<p><img decoding="async" src="http://imediata.org/imagens/dossieitalia/pisa1.jpg" alt="null" /></p>
<p><img decoding="async" src="http://imediata.org/imagens/dossieitalia/pisa2.jpg" alt="null" /></p>
<p><img decoding="async" src="http://imediata.org/imagens/dossieitalia/rua.jpg" alt="null" /></p>
<p>Milhares de estudantes e professores foram às ruas de várias cidades italianas para protestar contra a aprovação no Senado (em 29 de outubro) da reforma educacional proposta pelo governo do primeiro-ministro Silvio Berlusconi. A principal manifestação aconteceu em Roma, com cerca de 1 milhão de manifestantes nas ruas.</p>
<p>Há dias que vem acontecendo em toda Itália protestos (manifestações de rua com até 200 mil pessoas, greves, ocupação temporária de salas de aula e também de instalações públicas, como estações de trem). Muitas escolas fizeram aulas nas ruas ou em locais emblemáticos, como o Coliseu.</p>
<p>A indignação dos estudantes é contra a aprovação no Senado da reforma educacional. A reforma foi proposta pela ministra da Educação da Itália, Mariastella Gelmini e já havia sido amplamente rejeitada por estudantes e professores. A oposição e os estudantes exigiam a retirada do texto, que estabelece a introdução de uma nota de conduta como requisito para aprovação nas disciplinas.</p>
<p>A medida também prevê o fechamento de 86 mil postos de trabalho, de professores e funcionários, nos próximos três anos. No ensino primário, haverá apenas um professor para todas as disciplinas, exceto informática, inglês e religião.Outros motivos para a falta de acordo com os estudantes e com os pais dos alunos é o fechamento de muitas escolas que estão em lugares isolados, o aumento de estudantes por turma e a redução da carga horária letiva (das 40 horas semanais para 24). O plano prevê também um corte de 8 bilhões de euros (R$ 23 bilhões) dos gastos do governo no ensino superior.</p>
<p><img decoding="async" src="http://imediata.org/imagens/dossieitalia/unita.jpg" alt="null" /></p>
<p><strong>Roma Scontri in Piazza Navona [29 ottobre 2008]</strong><br />
<object width="425" height="344"><param name="movie" value="http://www.youtube.com/v/naPACZItryE&#038;hl=en&#038;fs=1"></param><param name="allowFullScreen" value="true"></param><param name="allowscriptaccess" value="always"></param><embed src="http://www.youtube.com/v/naPACZItryE&#038;hl=en&#038;fs=1" type="application/x-shockwave-flash" allowscriptaccess="always" allowfullscreen="true" width="425" height="344"></embed></object></p>
<p><object width="425" height="344"><param name="movie" value="http://www.youtube.com/v/ZqVr1l9fOdA&#038;hl=en&#038;fs=1"></param><param name="allowFullScreen" value="true"></param><param name="allowscriptaccess" value="always"></param><embed src="http://www.youtube.com/v/ZqVr1l9fOdA&#038;hl=en&#038;fs=1" type="application/x-shockwave-flash" allowscriptaccess="always" allowfullscreen="true" width="425" height="344"></embed></object></p>
<p><object width="425" height="344"><param name="movie" value="http://www.youtube.com/v/NYfdPdV66f0&#038;hl=en&#038;fs=1"></param><param name="allowFullScreen" value="true"></param><param name="allowscriptaccess" value="always"></param><embed src="http://www.youtube.com/v/NYfdPdV66f0&#038;hl=en&#038;fs=1" type="application/x-shockwave-flash" allowscriptaccess="always" allowfullscreen="true" width="425" height="344"></embed></object></p>
<p><strong>PARA ENTENDER O QUE FOI O FASCISMO:</strong><br />
Veja aqui o <a href="http://temi.repubblica.it/micromega-online/fascist-legacy-uneredita-scomoda/" target="_blank">documentário &#8220;Fascist legacy&#8221;, produzido pela BBC </a>, que nunca foi transmitido pela RAI.</p>
<p><strong>VERTENTES DE EXTREMA DIREITA ENVOLVIDAS NOS ATOS DE VIOLÊNCIA:</strong><br />
<a href="http://www.bloccostudentesco.org/" target="_blank">BLOCCOSTUDENTESCO</a><br />
<a href="http://www.casapound.org/" target="_blank">CASA POUND </a></p>
<p><strong>OUTRAS FORÇAS DE EXTREMA DIREITA NA ITÁLIA:</strong><br />
<a href="http://www.forzanuova.org/" target="_blank">FORZA NUOVA/LOTA STUDENTESCA</a><br />
<a href="http://www.fiammatricolore.net/fiamma/" target="_blank">FIAMMA TRICOLORE</a></p>
<p><object width="425" height="344"><param name="movie" value="http://www.youtube.com/v/E3mEujwkioA&#038;hl=en&#038;fs=1"></param><param name="allowFullScreen" value="true"></param><param name="allowscriptaccess" value="always"></param><embed src="http://www.youtube.com/v/E3mEujwkioA&#038;hl=en&#038;fs=1" type="application/x-shockwave-flash" allowscriptaccess="always" allowfullscreen="true" width="425" height="344"></embed></object></p>
<p><object width="425" height="344"><param name="movie" value="http://www.youtube.com/v/QKwpqxI3d-8&#038;hl=en&#038;fs=1"></param><param name="allowFullScreen" value="true"></param><param name="allowscriptaccess" value="always"></param><embed src="http://www.youtube.com/v/QKwpqxI3d-8&#038;hl=en&#038;fs=1" type="application/x-shockwave-flash" allowscriptaccess="always" allowfullscreen="true" width="425" height="344"></embed></object></p>
<p><object width="425" height="344"><param name="movie" value="http://www.youtube.com/v/Ug4_0Jpa0gs&#038;hl=en&#038;fs=1"></param><param name="allowFullScreen" value="true"></param><param name="allowscriptaccess" value="always"></param><embed src="http://www.youtube.com/v/Ug4_0Jpa0gs&#038;hl=en&#038;fs=1" type="application/x-shockwave-flash" allowscriptaccess="always" allowfullscreen="true" width="425" height="344"></embed></object></p>
<p><strong>CONTEXTO:</strong></p>
<p><a href="http://www.libcom.org/news/the-permanent-crisis-education-on-some-recent-struggles-greece-28102008" target="_blank">The Permanent Crisis in Education: On Some Recent Struggles in Greece &#8211; TPTG</a></p>

<p>ITÁLIA NAS RUAS CONTRA REFORMA EDUCACIONAL Para ver outros vídeos clicar em &#8220;on-demand&#8221; acima PARA ACOMPANHAR A MOBILIZAÇÃO: UNIRIOT STOPGELMINI INDYMEDIA ITALIA MICROMEGA MILITANT BYOBLU OMBRA OUTRAS FONTES IMAGENS: http://www.flickr.com/groups/931520@N23/pool/ A LEI 133/08: http://temi.repubblica.it/UserFiles/micromega-online/File/dossier-1331.pdf Milhares de estudantes e professores foram às ruas de várias cidades italianas para protestar contra a aprovação no Senado (em 29 [&hellip;]</p>
