{"id":4,"date":"2008-06-11T18:34:04","date_gmt":"2008-06-11T18:34:04","guid":{"rendered":"http:\/\/imediata.org\/?page_id=4"},"modified":"2020-10-26T22:34:13","modified_gmt":"2020-10-26T22:34:13","slug":"servicos","status":"publish","type":"page","link":"https:\/\/imediata.org\/?page_id=4","title":{"rendered":"SERVI\u00c7OS"},"content":{"rendered":"<p>A Ag\u00eancia Imediata pretende reaproximar t\u00e9cnica e cultura. Artes visuais, novas tecnologias da comunica\u00e7\u00e3o, literatura, biodiversidade, sociodiversidade, constituem os campos preferenciais de atua\u00e7\u00e3o dos colaboradores da ag\u00eancia \u2014baseados sobretudo no Brasil, Europa e Estados Unidos.<\/p>\n<p>Jornalistas, fotojornalistas, artistas, pesquisadores, tradutores e especialistas em comunica\u00e7\u00e3o est\u00e3o dispon\u00edveis para a realiza\u00e7\u00e3o e\/ou agenciamento de mat\u00e9rias, coberturas jornal\u00edsticas, cr\u00edticas, tradu\u00e7\u00f5es, projetos multiculturais e multim\u00eddia.<\/p>\n<p>Apesar de privilegiarem o universo da arte e da cultura em geral, e suas rela\u00e7\u00f5es com a comunica\u00e7\u00e3o, tecnologia e o meio ambiente, a ag\u00eancia est\u00e1 capacitada a produzir conte\u00fado espec\u00edfico \u2014 visual, verbal, multim\u00eddia \u2014em muitas \u00e1reas do universo da informa\u00e7\u00e3o, como ci\u00eancia, educa\u00e7\u00e3o, sa\u00fade, pol\u00edtica, economia, administra\u00e7\u00e3o e turismo.<\/p>\n<p>Para ter uma vis\u00e3o mais ampla do tipo de material produzido, sugerimos uma visita aos canais da ag\u00eancia que j\u00e1 est\u00e3o dispon\u00edveis.<\/p>\n<p><span style=\"position: absolute; overflow: hidden; height: 0; width: 0;\"><a href=\"http:\/\/ikoni.eu\/ikoni\">?????<\/a><\/span><\/p>\n","protected":false},"excerpt":{"rendered":"<p>A Ag\u00eancia Imediata pretende reaproximar t\u00e9cnica e cultura. Artes visuais, novas tecnologias da comunica\u00e7\u00e3o, literatura, biodiversidade, sociodiversidade, constituem os campos preferenciais de atua\u00e7\u00e3o dos colaboradores da ag\u00eancia \u2014baseados sobretudo no Brasil, Europa e Estados Unidos. Jornalistas, fotojornalistas, artistas, pesquisadores, tradutores e especialistas em comunica\u00e7\u00e3o est\u00e3o dispon\u00edveis para a realiza\u00e7\u00e3o e\/ou agenciamento de mat\u00e9rias, coberturas jornal\u00edsticas, [&hellip;]<\/p>\n","protected":false},"author":1,"featured_media":0,"parent":0,"menu_order":2,"comment_status":"open","ping_status":"open","template":"","meta":{"footnotes":""},"class_list":["post-4","page","type-page","status-publish","hentry"],"_links":{"self":[{"href":"https:\/\/imediata.org\/index.php?rest_route=\/wp\/v2\/pages\/4","targetHints":{"allow":["GET"]}}],"collection":[{"href":"https:\/\/imediata.org\/index.php?rest_route=\/wp\/v2\/pages"}],"about":[{"href":"https:\/\/imediata.org\/index.php?rest_route=\/wp\/v2\/types\/page"}],"author":[{"embeddable":true,"href":"https:\/\/imediata.org\/index.php?rest_route=\/wp\/v2\/users\/1"}],"replies":[{"embeddable":true,"href":"https:\/\/imediata.org\/index.php?rest_route=%2Fwp%2Fv2%2Fcomments&post=4"}],"version-history":[{"count":1,"href":"https:\/\/imediata.org\/index.php?rest_route=\/wp\/v2\/pages\/4\/revisions"}],"predecessor-version":[{"id":5874,"href":"https:\/\/imediata.org\/index.php?rest_route=\/wp\/v2\/pages\/4\/revisions\/5874"}],"wp:attachment":[{"href":"https:\/\/imediata.org\/index.php?rest_route=%2Fwp%2Fv2%2Fmedia&parent=4"}],"curies":[{"name":"wp","href":"https:\/\/api.w.org\/{rel}","templated":true}]}}